 Let q be 1/4 + r/(-12). Calculate the highest common divisor of 2 and q.
1
Let i be (-2 + -28)*(-3)/6. What is the greatest common divisor of i and 135?
15
Let o = 7 - 5. Suppose -5*a + 3*z + 53 = -8, -48 = -4*a + o*z. Calculate the highest common factor of a and 22.
11
Suppose 11*b - 6*b = 95. Suppose -3*z - t = -516, 2*t + 0*t = -5*z + 861. What is the greatest common factor of z and b?
19
Suppose 3*w = -10 - 5. Let c(t) = -13*t - 5. Let g be c(w). What is the greatest common divisor of g and 15?
15
Suppose 2*l = 6*l - 132. Let f(s) = s**2 - 9*s + 11. Let y be f(8). What is the highest common divisor of l and y?
3
Let c(i) = -i - 2. Let n be c(-7). Calculate the highest common factor of 25 and n.
5
Let k(m) = m + 8. Let h be k(0). Let o = 17 - h. Suppose 0*y - 2*y - 18 = -2*g, 0 = y. Calculate the greatest common factor of o and g.
9
Let x(q) = q**3 + 6*q**2 - q - 3. Let p be x(-6). Suppose -j + p*j - 52 = 0. What is the highest common divisor of 104 and j?
26
Let j = -55 + 94. Calculate the highest common factor of 13 and j.
13
Let j(v) = -v**3 - 11*v**2 - 10*v + 10. Let d be j(-10). Let t = 53 + -28. Calculate the greatest common divisor of d and t.
5
Suppose 12*g - 378 = 222. Calculate the highest common factor of 25 and g.
25
Suppose 3*v + 5*p = 40, 0*v + 48 = 3*v + 3*p. Let u(w) = 5*w**2 + 2*w + 1. Let f be u(-3). Let d = f - v. What is the greatest common divisor of 50 and d?
10
Let a(q) be the third derivative of q**5/60 + q**4/24 - q**3/3 + q**2. Let v be a(0). Let n be 5 + 1 + v/(-2). Calculate the highest common divisor of n and 21.
7
Let y = -1237 + 1750. Let a = 898 - y. Suppose -7*g + 2*g + a = 0. What is the highest common divisor of 11 and g?
11
Let p(q) = -q**2 + 3*q - 11. Let i(a) = -1. Let c(f) = 5*i(f) - p(f). Let u be 2/(-4)*(-8)/1. Let z be c(u). What is the highest common divisor of z and 70?
10
Let n(h) = -11*h + 2. Let y = 1 + 2. Let z be 5 - y - (5 + 0). Let b be n(z). Calculate the highest common divisor of 5 and b.
5
Suppose -92 = -2*h - 2*h. Calculate the greatest common divisor of h and 253.
23
Let p be (-1487)/(-5) + 4/(-10). Suppose 0 = -3*j + 5*n + 91, -5*j + 4*n = -0*j - 143. What is the greatest common divisor of j and p?
27
Suppose 242 - 74 = 2*c. Suppose -c = p - 5*p. Calculate the highest common divisor of p and 84.
21
Let b = 40 + -33. Calculate the greatest common divisor of 21 and b.
7
Suppose 2*a = -a + 36. Let p be (-37)/(-4) - 3/a. Suppose -3*s - 3 - 3 = -i, -7 = -4*i - 5*s. What is the highest common factor of p and i?
3
Let p(q) = -6*q - 2. Let o be p(-4). Let h = 119 - 64. What is the greatest common factor of o and h?
11
Let d = 19 - 13. Let g(a) = 46*a - d*a + 11*a - 3. Let c be g(2). Calculate the greatest common factor of c and 9.
9
Let w = -10 - -14. Suppose y + 3*i - 11 = -0*y, -12 = -w*i. What is the highest common factor of 2 and y?
2
Let w(d) = d**2 + 3. Let o be w(-3). Let h(c) = -c + 4. Let t be h(7). Let v = 1 - t. Calculate the highest common divisor of o and v.
4
Let o(b) = b + 9. Suppose 5*p - 3*y + 26 = 0, 9*y = -3*p + 4*y - 2. Let f be o(p). Suppose -5*i + f = -10. What is the highest common divisor of 33 and i?
3
Let w be 3/(-9)*(1 - 7). Suppose -20 = -2*r - 2*f + f, w*f - 49 = -5*r. What is the greatest common factor of r and 9?
9
Suppose -2 - 58 = -5*r. Suppose 2*j = -3*w + 23 - 4, 5*w + 10 = 5*j. Suppose w*f = 44 + 10. What is the greatest common divisor of r and f?
6
Let f be -2*(-6)/4*-1. Let h be (-3)/(f/(-21)*-3). Suppose 3*c + c - 28 = 0. Calculate the greatest common divisor of c and h.
7
Let m be (-20)/(-3)*(-1)/((-8)/36). What is the highest common factor of 330 and m?
30
Suppose x + 306 = d, -d - 2*x = -0*d - 312. Calculate the highest common divisor of 44 and d.
44
Suppose -5*z + 4 = -16. Suppose 0 = -x - 2*y + z + 14, -5*x - 2*y + 114 = 0. Let u = -334 - -526. Calculate the highest common divisor of u and x.
24
Suppose 35*j + 40 = 37*j. What is the greatest common factor of j and 60?
20
Let w(i) = 2*i**2 + 3*i + 1. Let h be w(-3). Calculate the greatest common divisor of h and 1.
1
Suppose m - y = 48, -2*m - 2*y + 96 = -12. Suppose 5*d = m + 179. Calculate the greatest common divisor of 23 and d.
23
Suppose -2*f + 12 + 26 = 0. Let g be 2*-1 - 63/(-3). Suppose s = 2*s - g. Calculate the highest common divisor of f and s.
19
Let t be 50*(-1)/((-4)/14). Let l = 245 - t. Calculate the greatest common factor of 28 and l.
14
Let f be 4/(-8) + (-705)/(-6). Calculate the greatest common divisor of f and 13.
13
Let x(g) = g**3 - 12*g**2 - 11*g + 1. Let q be x(13). What is the greatest common divisor of q and 9?
9
Let s(v) = -v**2 + 9*v + 1. Let g be s(7). Let y = -8 + g. What is the highest common factor of y and 7?
7
Let j be (-31)/217 + (0 - 631/(-7)). What is the greatest common factor of j and 30?
30
Suppose 4*i - 4 - 8 = 0. Suppose -8*g = -3*g - 60. Calculate the highest common divisor of g and i.
3
Let m = 4 + 0. Suppose 0 = -0*g - 2*g - 2*w + 40, 2*g - 40 = w. Calculate the greatest common divisor of m and g.
4
Suppose 3*y = 28 + 5. Let o be 1/(2*2/64). Suppose -4*v = o, 6*v + 243 = 3*a + 3*v. Calculate the highest common divisor of a and y.
11
Suppose 0 = 5*u - i + 6*i - 25, 5*u - 40 = -2*i. What is the highest common divisor of u and 10?
10
Let q = -12 - -7. Let y = 13 - q. What is the greatest common divisor of y and 3?
3
Let w(z) = -z**3 - 5*z**2 + 5*z - 5. Let a be w(-6). Let h be (22 + 2)*(0 + a). Calculate the greatest common factor of 60 and h.
12
Let w be ((-100)/(-125))/((-1)/(-50)). What is the highest common factor of 200 and w?
40
Let s(d) = -d**2 - 8*d - 2. Let z be s(-5). What is the greatest common factor of 13 and z?
13
Let g be ((-4)/6)/((-12)/18). Calculate the highest common factor of 1 and g.
1
Let w = 3 + 5. Suppose -66 = -3*y - 0*y. Let g be (-4)/22 + 444/y. What is the highest common divisor of g and w?
4
Let c(u) be the first derivative of 7*u**2/2 - 5*u - 4. Let y be c(-5). Let z = 82 + y. What is the highest common divisor of z and 63?
21
Let z be (3/(-9))/((-2)/78). Calculate the highest common divisor of 13 and z.
13
Let j be (-1)/(1/30*-2). Calculate the highest common divisor of j and 45.
15
Let i(t) = 6*t**2 - 2*t. Let q = 0 + 2. Let o be i(q). Calculate the greatest common factor of o and 4.
4
Let k(c) = -3*c - 4. Let y be k(-3). What is the greatest common factor of y and 35?
5
Let a = 22 - 14. Let j = 9 + -6. Suppose -j*m + 32 = m. Calculate the highest common factor of a and m.
8
Let v be (3*6/(-27))/(1/(-51)). What is the highest common divisor of v and 34?
34
Suppose -3*h + 8 = u, 2*u - 35 = -4*h - 11. Calculate the greatest common divisor of 20 and u.
20
Suppose -15 = -5*h - 5*r, 2*h + 5*r = -1 - 8. Calculate the greatest common factor of h and 2.
2
Suppose 11*n + 9 = 64. What is the greatest common divisor of n and 40?
5
Suppose 3*g - 6*b = -b - 11, -b + 7 = g. Suppose -4*k - 13 - 7 = 0, m = 5*k + 27. Let t be (9*m)/(3 + -1). Calculate the highest common divisor of g and t.
3
Suppose -10 + 69 = 5*t + 4*j, 0 = -t - 5*j + 16. What is the highest common factor of t and 1?
1
Let g = 1 + 1. Suppose g*m = -0*m + 140. Calculate the greatest common factor of 10 and m.
10
Let m(q) = q**2 + 5*q + 4. Let a be m(-6). Suppose -a = -j + 2. What is the highest common factor of j and 36?
12
Suppose -5*w = 5*o - 125, 4*o - 3*w + 3 = 110. Let y = o + -16. Let b = 19 - -1. What is the greatest common factor of b and y?
10
Suppose 22 = h + h. Suppose -5*k - 98 = -263. What is the greatest common divisor of h and k?
11
Let b(s) = 11*s - 13. Let c be b(7). What is the greatest common factor of 8 and c?
8
Let w(r) = -r**2 + 8*r - 2. Let f be w(7). Suppose 2*t = 3*v - 0 + 3, -8 = -f*v - t. What is the highest common divisor of v and 8?
1
Let p(h) = h**3 + 13*h**2 - 3*h - 14. Let z be p(-13). Calculate the greatest common factor of z and 100.
25
Let d be 10*(4 + (-280)/(-25)). Calculate the highest common divisor of d and 8.
8
Let z = 5 - 9. Let t be (-5)/(-2) - (-2)/z. Let m be 18/(-15)*(-5)/t. What is the greatest common factor of m and 1?
1
Let g = 71 + -50. Let j be (-2)/2 - 380/(-2). What is the greatest common factor of j and g?
21
Let n be 2/5 - 39/(-15). Let q(u) = u**2 - 12*u - 61. Let k be q(-4). What is the greatest common factor of n 